-167. Calculate the greatest common factor of d and 15.
15
Let r(n) = -n - 1. Let o be r(-5). Suppose 0*i - 104 = -o*i. Calculate the greatest common divisor of i and 13.
13
Let t = 9 + -26. Let h = 31 + t. Calculate the highest common factor of h and 28.
14
Suppose 5*m - 2*m = 75. Suppose 0 = -5*n + 15. Suppose 0 = -8*f + n*f + 50. What is the greatest common divisor of m and f?
5
Let o be 3 - 2 - 1 - -5. Suppose 0 = 2*i + 2*u - 48, -5*u - 140 = -o*i - 0*u. What is the highest common divisor of i and 208?
26
Let l be (-6)/(-27) + 480/27. Let i(g) = g**3 - 15*g**2 - 16*g + 9. Let q be i(16). What is the highest common factor of l and q?
9
Suppose -41*s = -39*s - 96. Calculate the greatest common factor of 12 and s.
12
Let k(m) = -m**3 + m - 23. Let i be k(0). Let b = i - -119. What is the highest common divisor of b and 12?
12
Suppose -5*w = 3*i - 70, -2*w + 94 = -5*i + 35. Calculate the highest common divisor of w and 17.
17
Suppose 4*q - 2*q - 4*g = 40, -3*g = q - 5. Suppose l - a + q = 4*a, -2 = 3*l - 5*a. Let t be 6/(0 + l/15). What is the highest common divisor of 105 and t?
15
Suppose 0 = -2*r - r - 12. Let z be ((-24)/10)/(r/40). Suppose 2*h - z - 12 = 0. Calculate the greatest common divisor of 6 and h.
6
Suppose -z + 16 = c - 5*z, -4*c - 5*z + 64 = 0. What is the greatest common factor of c and 4?
4
Suppose 0*v + v = 120. Suppose 34 = 2*n + 4. Calculate the highest common divisor of v and n.
15
Let o be (-140)/(-21)*6/(-5). Let v be (20/o - -3)*88. What is the greatest common divisor of v and 4?
4
Let v = 30 - 10. Let n(c) = -12*c - 2. Let p be n(2). Let s = p - -56. What is the greatest common factor of s and v?
10
Let m(b) = -b + 2. Let d be m(-4). Suppose -2*g = -x - 49, -3*g + 5*x + 16 = -61. What is the greatest common divisor of d and g?
6
Let s = 61 - 43. Calculate the highest common divisor of s and 117.
9
Let k be (-1 - -15)/1 + 0. Let o = -10 + 8. Let y be -70*1/(-3 - o). What is the highest common divisor of k and y?
14
Let o = 41 - 13. Calculate the greatest common divisor of 14 and o.
14
Let m be 25/(-2)*12/(-15). What is the greatest common factor of 50 and m?
10
Let p = -67 + 94. Let b(j) = j**2 + 9*j + 8. Let q be b(-8). Suppose -3*k + 3*w = -30, 5*k = -q*k + 3*w + 48. Calculate the highest common factor of k and p.
9
Let t(r) = r**2 + 3*r - 6. Let x be t(-5). What is the highest common factor of x and 2?
2
Suppose 3*f - f = 0. Let k be 2 - ((-2 - -2) + f). Suppose 0*t + 96 = k*t. Calculate the greatest common factor of 6 and t.
6
Suppose 99 + 135 = 2*c. Calculate the greatest common factor of c and 26.
13
Let v be ((-26)/4 - -6)/((-2)/96). Calculate the highest common divisor of v and 12.
12
Let v = 8 + -6. Suppose 0*t + 5*t = 5*d + 30, -4*t - d = -29. Suppose 100 = -v*j + t*j. Calculate the greatest common factor of j and 4.
4
Let k be (-3)/(-15) + 658/10. Let n be (-1)/(3/k*-1). Calculate the greatest common factor of n and 33.
11
Suppose -3*a = 2*a + 5. Let g = a + 9. Let n be -3 - 9/(-2)*6. What is the greatest common factor of n and g?
8
Suppose 0 = -4*y - l + 76, -3*y + 9 + 33 = -3*l. Calculate the greatest common divisor of y and 6.
6
Let b(j) = j**2 - 3*j + 4. Let y be b(3). Suppose -y*u + 7*u - 48 = 0. Suppose -4*m = 3*k + 17 - 529, m = -4. Calculate the highest common divisor of u and k.
16
Let c = 415 - 220. Suppose 3*a = 3*k + 6*a - 306, 0 = 2*k + 5*a - c. Let f = 68 - 47. Calculate the highest common divisor of f and k.
21
Let w(n) = n + 7. Let g be w(-5). Calculate the highest common factor of g and 18.
2
Suppose -3*j - 4*h = -54, j - 18 = 4*h - 6*h. What is the highest common divisor of 45 and j?
9
Suppose -5*h = 2*i + 2*i - 16, -3*i = 4*h - 11. Calculate the greatest common factor of i and 18.
9
Let c(t) = -t - 5. Let d be c(-5). Suppose d = y - 3*y + 22. Calculate the highest common factor of 33 and y.
11
Let y(s) be the first derivative of -s**3/3 - 7*s**2/2 + 6*s - 5. Let o be y(-7). Let f = -1 - -3. Calculate the greatest common factor of f and o.
2
Suppose 3*c = 2*u + 224, -4*u + 200 = -0*c + 3*c. Let q be (c/(-16))/((-3)/4). What is the greatest common factor of q and 6?
6
Let a = -7 - -2. Let d = a + 22. Calculate the greatest common factor of d and 34.
17
Suppose 0 = -3*f + p + 2*p - 120, -3*f - 4*p = 106. Let s be 2/(-5)*(8 + f). What is the highest common divisor of s and 30?
6
Let n(i) = i**2 - 9*i - 15. Let j be n(11). What is the greatest common divisor of 1 and j?
1
Let q be ((-58)/3)/((-12)/198). Calculate the highest common divisor of 29 and q.
29
Suppose 3*c - 30 = -0*c. What is the highest common divisor of c and 110?
10
Suppose -t + 8 + 45 = 0. Suppose -4*d = 3*c - 57, -3*d - 3 + t = -5*c. Suppose -4*g = -8*g + 420. What is the highest common factor of d and g?
15
Let o be 2/4 + (-12)/8. Let u(i) = -66*i. Let q(a) = 13*a. Let m(y) = -22*q(y) - 4*u(y). Let z be m(o). Calculate the highest common divisor of z and 11.
11
Suppose -n = 5*f - 3*f - 7, 3*n = 15. Let o be (-3)/((-4)/8 - f). What is the highest common factor of o and 14?
2
Suppose -12 = -5*u + 2*t, u + 5*t = -0*t + 24. Suppose -v - 27 = -u*v. What is the highest common divisor of 3 and v?
3
Let a(k) = -k**3 - 6*k**2 - 7*k - 3. Let m be a(-5). What is the highest common divisor of 63 and m?
7
Let v(p) = p**2 + 2*p - 4. Let l be v(-5). Suppose 9*y - 14*y + 55 = 0. What is the highest common divisor of y and l?
11
Let g = -105 + 270. Calculate the greatest common factor of 33 and g.
33
Let k = 16 - -11. Calculate the greatest common divisor of 297 and k.
27
Let g(u) = -u + 10*u**2 + 2 + u. Let k be g(2). Suppose 3*c - 17 = 2*c + 3*p, 0 = -4*p - 4. What is the highest common divisor of c and k?
14
Let h(f) = 23*f**2 + 2*f. Let g be h(-2). Let w be (-4 - (-80)/15)*-3 + 15. Calculate the highest common factor of g and w.
11
Suppose 3*h + 150 = 6*h. Suppose -4*n = -14 - 66. Calculate the greatest common factor of h and n.
10
Let j(y) = -y**3 + 3*y**2 + 3*y + 2. Let z be j(4). Let p be 1*-1*(z - -3). Let h be 15*p/((-6)/4). Calculate the greatest common divisor of 10 and h.
10
Let f be ((-120)/(-3))/5 - -1. Calculate the greatest common factor of 45 and f.
9
Suppose -3*n + 2 = -28. Suppose 4*h - 31 + 15 = 0. Calculate the greatest common divisor of n and h.
2
Suppose 0 = 4*o - 3*i + 167, 4*i = o + 30 + 15. Let y = o - -73. What is the highest common factor of 4 and y?
4
Let c(a) = 3*a - 9. Let z be c(6). Let b be 4 + 1*-2 + 25. What is the greatest common divisor of b and z?
9
Let z be (-45)/6*(1 + (-15)/9). Calculate the highest common factor of z and 10.
5
Let w = -7 - -68. Suppose -47 = -3*c + w. Suppose -16 = -5*a + 2*a + 4*q, 8 = 3*a + 4*q. Calculate the greatest common factor of a and c.
4
Suppose -5*s - 2*w = -112, -2*s + 3*w + 59 = -1. Calculate the greatest common divisor of 36 and s.
12
Suppose 0 = 13*g - 18*g - 260. Let w be (5/10)/((-2)/g). Calculate the highest common divisor of 13 and w.
13
Suppose 2 = -3*l + 2*i - 4, 5*l + 15 = 5*i. Suppose 3*r - 2*d - 33 = l, -10 = -2*r + 5*d + 1. Calculate the highest common divisor of r and 52.
13
Suppose 5*o - 42 - 275 = -2*f, -5*o - 3*f = -318. Calculate the greatest common divisor of o and 42.
21
Suppose 0 = -o - 3*f + 1, -o = -f - 8 - 9. Let n = 95 - 30. Calculate the highest common divisor of o and n.
13
Suppose -3*b + 76 = 2*o + b, -b - 2 = 0. What is the highest common factor of o and 63?
21
Let a(n) = -n - 4. Let p be a(-8). Suppose -p*k - 4*h = -40, -k + 4*h + 22 = -3. Let r = -33 - -124. What is the highest common divisor of k and r?
13
Suppose -4*a = -8*a. Suppose -5*j + 57 = b, 0 = -a*j + j + 4*b - 19. Let p be 2*1/(-2) - -89. Calculate the highest common divisor of j and p.
11
Suppose -2*j = 4*y - 18, 2*j - 18 = 5*y + 9. What is the highest common factor of j and 121?
11
Suppose -22 = -5*u + 43. Suppose 5*x = 5, 5*s - s - 4*x - 40 = 0. Let p = 24 - s. Calculate the greatest common factor of u and p.
13
Let t(v) = v**2 + 7*v - 12. Suppose 7*r = 3*r - 40. Let z be t(r). Calculate the greatest common divisor of 27 and z.
9
Let v(h) = 9*h - 2. Let f be v(3). Suppose -f = 5*p, m = -3*p - 42 + 10. Let d = -8 - m. Calculate the highest common factor of d and 27.
9
Let h be ((-1)/3)/(-4*1/2508). Calculate the greatest common factor of 19 and h.
19
Let z = 9 + 1. Let l(o) =